*z + g + 163. What are the prime factors of z?
59
Let m = -56 - -58. Let l(b) = 2*b**m + 68*b + 2*b**2 + 10 - b**2 - 67*b. List the prime factors of l(-5).
2, 5
List the prime factors of ((-230380)/150*-5)/(-1*10/(-45)).
3, 11519
Let b(h) = 18*h**2 + 7*h + 4. Let s = 34 + 7. Suppose 10*a - 1 + s = 0. List the prime factors of b(a).
2, 3, 11
Let s = 388 - 386. Suppose 6*l = -u + 7*l + 396, -795 = -s*u + 5*l. List the prime factors of u.
5, 79
Let s(f) = 3*f**3 + 5*f**2 - 7*f - 2. Let v(n) = -6*n**3 - 8*n**2 + 13*n + 4. Let i(x) = 11*s(x) + 6*v(x). List the prime factors of i(-6).
2, 7
Let x be (4 + 90/(-24))/((-1)/(-436)). Let y = x - -213. List the prime factors of y.
2, 7, 23
List the prime factors of (1402*(-4 + 3))/(45/(-90)).
2, 701
Suppose -33 = 2*z + 3*s + 2*s, -z - 2*s = 15. Let g be 3/z - 854/(-6). Suppose 4*l + 3*o = 196, -2*l + g = l + o. List the prime factors of l.
2, 23
Suppose -5*x + x + 24 = 3*i, -2*i + 3*x = 1. Let l be i/(36/8 + -4). Suppose 3*a + 140 = l*a. List the prime factors of a.
2, 7
Let i be 8/2*56/16. Suppose i = c - 5*r, 4*r = -5 + 21. Let j = 118 - c. What are the prime factors of j?
2, 3, 7
Let l(j) = 23*j + 26. Let y(b) = -15*b**3 + b + 1. Let k be y(-1). What are the prime factors of l(k)?
7, 53
Let f(d) = 4*d - d**3 - 3*d**2 + 3*d**2 + 21. Let c be f(-6). Let b = 353 - c. What are the prime factors of b?
2, 5, 7
Let n = 41246 - 15125. What are the prime factors of n?
3, 8707
Suppose 0 = s - b - 282, -6*s + 9*s - 816 = -3*b. Let w = s + 43. What are the prime factors of w?
2, 5
Suppose -27815 = 31*a - 301576. List the prime factors of a.
8831
Let r(o) = o**3 - 8*o**2 - 9*o + 5. Let a be r(9). Suppose -2*b - 4*y + a = 1, -y - 2 = 0. Suppose -4*f + b*f = 90. What are the prime factors of f?
3, 5
Suppose 32*n - 59 = 1125. Suppose -n*c + 15039 = -18298. List the prime factors of c.
17, 53
Suppose 5*m - r = 7992, -6400 = -4*m + 63*r - 59*r. What are the prime factors of m?
2, 17, 47
Let w = 9694 - -21089. List the prime factors of w.
3, 31, 331
Suppose -r + 2*r = 5*l + 5, 4*l + 3*r - 15 = 0. Suppose 3*d + 3*y - 483 = l, -8*y + 5*y - 495 = -3*d. What are the prime factors of d?
163
Let z be (3 + 1)*3/(-6). Let i(p) = 12. Let t(s) = 35*s + 70. Let d(v) = 6*i(v) - t(v). What are the prime factors of d(z)?
2, 3
Let r(f) = f**2 + 21*f - 15. Let g be r(10). Suppose -3*t - 2*t = -g. List the prime factors of t.
59
Suppose 20 = 54*y - 59*y. List the prime factors of (-6)/y*(-1186)/(-3).
593
Let s(f) = 6*f. Suppose 2*t - 16 = -0*j - 5*j, 0 = -t - 5*j + 13. Let a be s(t). Suppose 84 = a*p - 15*p. List the prime factors of p.
2, 7
Let i(t) = 23492*t**3 - 5*t**2 - t + 1. What are the prime factors of i(1)?
3, 7829
Let y = -43052 - -62802. List the prime factors of y.
2, 5, 79
Let q(u) = 63*u**2 + 4*u - 10. Let b be q(2). Suppose b + 316 = l. List the prime factors of l.
2, 283
Suppose 20*b - 7567 = 32262 - 7509. What are the prime factors of b?
2, 101
Suppose -6*a - 2*a + 1344 = 0. Let v = a + 219. What are the prime factors of v?
3, 43
Let q(x) = -10*x + 88. Let o be q(7). What are the prime factors of (-4)/((-24)/o) - (0 + -1302)?
3, 5, 29
Let w(h) = 11 - 1 - 171*h + 1 - 7. Let q be w(1). Let t = q + 268. List the prime factors of t.
101
Let b(q) = -30 - 2*q + 5*q - 4 - 17 + 6*q**2. What are the prime factors of b(10)?
3, 193
Let h = 2492 - -408. What are the prime factors of h?
2, 5, 29
Let z(t) = -t**3 - 6*t**2 - 16*t - 3. Let i be z(-6). Let q = i + -26. What are the prime factors of q - 4 - (-7 + 3)?
67
Suppose -11*p = -71*p + 800820. What are the prime factors of p?
3, 1483
Let c = 121 - 110. Suppose 7*a - c*a = -20. List the prime factors of a.
5
Let n(l) = -14*l + 35. Let k be n(3). Let i(z) = 3*z**2 - 15*z + 19. What are the prime factors of i(k)?
271
Suppose -52*a - 30348 = -4*u - 55*a, 0 = -u + 5*a + 7610. What are the prime factors of u?
2, 3, 5, 11, 23
Let z(w) = -108*w - 14. Let k be (11 - 1)*(-2 + 6/4). Let f be z(k). Suppose -h - 2*s + 137 = -7*s, 4*h + 2*s - f = 0. List the prime factors of h.
2, 3, 11
Let n(j) be the second derivative of 2*j**3 + 15*j**2 + 5*j. Let u be n(-14). Let z = u - -193. What are the prime factors of z?
5, 11
Let r = 1 - -3. Suppose -3*f + 49 + 2952 = r*s, 3*s - 5*f = 2229. Suppose 0 = 4*v + j - s - 37, 4*v = 3*j + 781. List the prime factors of v.
2, 7
Let r(i) = i**2 + 6*i - 1. Let a be r(0). Let c(w) = 424*w**2 - 2*w - 1. Let z be c(a). List the prime factors of z/(-10)*(-54)/15.
3, 17
Suppose -10 = 2*q, q + 10 + 2 = j. Let u(a) = 29*a - 153. List the prime factors of u(j).
2, 5
Let k(d) = -2*d**2 + d + 1. Let t(r) = -3*r**2 - 47*r + 80. Let b(o) = 2*k(o) - t(o). What are the prime factors of b(41)?
2, 5
Let f = -15293 + 31332. What are the prime factors of f?
43, 373
Let o(m) = 9*m + 38. Let p be o(-4). Let j be (4 - 20/8)/(p/4). Suppose j*h - 418 = -h + t, 5*t + 200 = 2*h. What are the prime factors of h?
3, 5, 7
Let b = -435 + 438. What are the prime factors of 4733/b - (-2)/6 - -5?
1583
Suppose 4*h = -2*o - o + 32, 5*h - 40 = o. Suppose 0 = -h*a + 6065 + 375. What are the prime factors of a?
5, 7, 23
Suppose -4*o = t + 3 + 13, 0 = 3*o - 4*t - 7. Let d(s) = 15*s**2 + 7*s + 21. What are the prime factors of d(o)?
3, 5
Let w be -63 - (20*(-4)/8 + 4). List the prime factors of (-6)/(-9) - 59299/w.
3, 347
Let h be 94*((-3)/2 - -2). Suppose h - 31 = 4*t. Suppose -3*p - 4*w - 93 = -t*p, 3*w = 3*p - 234. List the prime factors of p.
73
Let w(p) = -p**3 - 7*p**2 + 4226. List the prime factors of w(0).
2, 2113
Let f = 51 + -49. Suppose -3*a = -5*i + 37, 2*a = 7*a - 5. Suppose 4*c + i = 0, -3*r + c + 259 = f*c. List the prime factors of r.
3, 29
Let a(x) = -x**3 - 2*x**2 + 43*x + 7. Let r(v) = -2*v - 40. Let z be r(-15). List the prime factors of a(z).
13, 29
Let x(s) = 18*s**2 + 15*s + 13. Let j be x(-1). Suppose -27*f + j*f = -143. List the prime factors of f.
13
Let c be (-5 - -221)/((-3)/(-16)). Suppose 0 = 6*x - 4*x - c. List the prime factors of x.
2, 3
Suppose 3*v = v + 3*w - 94, 2*w - 98 = 2*v. Let c be (16/40)/(3/(-510)). Let y = v - c. List the prime factors of y.
3, 5
Let r = 3137 + 8908. List the prime factors of r.
3, 5, 11, 73
Let u = 190 + -190. Suppose 5*c = 2*f + 1841, -2*c - 5*f + 117 + 631 = u. List the prime factors of c.
3, 41
Let s be -2 + -6 + 4 + 3. Let k = 115 - 61. Let v = s + k. What are the prime factors of v?
53
Let q(p) = 2*p**3 - 39*p**2 + 16*p + 57. Let z be q(19). Suppose 3*m + z*m = 5*w - 2768, -2*m - 2 = 0. What are the prime factors of w?
7, 79
Suppose 108*p + 170526 = 170*p + 132*p. What are the prime factors of p?
3, 293
Let m be 5/(-15) - (4072/(-12) + -4). Suppose 3*b - 1876 + m = 0. List the prime factors of b.
7, 73
Let c = 103 - 186. Let j = -78 - c. Suppose t - 3*b = -t + 136, -b = j*t - 340. List the prime factors of t.
2, 17
Suppose 3*u = -9, 2*u - 1 = -2*v - 29. List the prime factors of (-4)/(-14) - (v + (-18945)/63).
2, 3, 13
Suppose -2*p = -v - 144872, 597*v - 594*v = -5*p + 362136. What are the prime factors of p?
2, 3, 503
Let k(i) = -2*i**3 + 11*i**2 + 7*i - 3. Let y be (-84)/(-4)*4/14. Let o be k(y). Suppose -2*v = -6 - 4, -2*w + o*v = -149. List the prime factors of w.
2, 41
Suppose -31*z + 71 = -102*z. What are the prime factors of ((-278)/(-12))/(3/(-18)*z)?
139
Let k be (15 + -9)*1/2. Let f = -9 + -67. What are the prime factors of (f/2)/(k/(-12))?
2, 19
Suppose 3*h + a - 45 = 0, 6*h = 3*h + 5*a + 27. Suppose v - 5 = 1. Let c = h + v. What are the prime factors of c?
2, 5
Let x(j) = -j**3 - 11*j**2 - 10*j + 14. Let w be x(-10). Suppose -16*f + w*f = -992. List the prime factors of f.
2, 31
Suppose -5*m + 22814 = 2*c, 0 = 3*c + 10*m - 6*m - 34200. List the prime factors of c.
2, 89
Suppose 549 + 2451 = 5*l. List the prime factors of l.
2, 3, 5
Let n be (2 - 1)*(-303 - -10). Let m = 783 + n. What are the prime factors of m?
2, 5, 7
What are the prime factors of -13 + 9 + (-13 - -25779)?
2, 11, 1171
List the prime factors of 14215 - (10/4)/((-273)/26 + 10).
2, 3, 5, 79
Suppose 4*j + 7*c = 10*c + 2359, -c = 4*j - 2339. Suppose j = 24*a - 23486. What are the prime factors of a?
17, 59
Let q(y) = -y**3 - 5*y + 20*y**2 + 0*y - 3*y + 41 - 6. What are the prime factors of q(19)?
2, 61
Suppose 2*n - 4*p + 50 = 3*n, 0 = -5*n - 2*p + 178. 